{"id":231,"date":"2025-03-30T09:54:10","date_gmt":"2025-03-30T12:54:10","guid":{"rendered":"https:\/\/pibcuritiba.online\/?page_id=231"},"modified":"2026-01-12T18:43:02","modified_gmt":"2026-01-12T21:43:02","slug":"celulas-online","status":"publish","type":"page","link":"https:\/\/pibcuritiba.online\/index.php\/celulas-online\/","title":{"rendered":"C\u00e9lulas Online"},"content":{"rendered":"\t\t<div data-elementor-type=\"wp-page\" data-elementor-id=\"231\" class=\"elementor elementor-231\">\n\t\t\t\t<div class=\"elementor-element elementor-element-31f1698 e-flex e-con-boxed e-con e-parent\" data-id=\"31f1698\" data-element_type=\"container\">\n\t\t\t\t\t<div class=\"e-con-inner\">\n\t\t<div class=\"elementor-element elementor-element-95fa4bb e-con-full e-flex e-con e-child\" data-id=\"95fa4bb\" data-element_type=\"container\">\n\t\t\t\t<div class=\"elementor-element elementor-element-9d90396 elementor-widget elementor-widget-image\" data-id=\"9d90396\" data-element_type=\"widget\" data-widget_type=\"image.default\">\n\t\t\t\t<div class=\"elementor-widget-container\">\n\t\t\t\t\t\t\t\t\t\t\t\t\t<img fetchpriority=\"high\" decoding=\"async\" width=\"768\" height=\"432\" src=\"https:\/\/pibcuritiba.online\/wp-content\/uploads\/2025\/03\/Diversos-1920x1080-1-768x432.jpg\" class=\"attachment-medium_large size-medium_large wp-image-236\" alt=\"\" srcset=\"https:\/\/pibcuritiba.online\/wp-content\/uploads\/2025\/03\/Diversos-1920x1080-1-768x432.jpg 768w, https:\/\/pibcuritiba.online\/wp-content\/uploads\/2025\/03\/Diversos-1920x1080-1-300x169.jpg 300w, https:\/\/pibcuritiba.online\/wp-content\/uploads\/2025\/03\/Diversos-1920x1080-1-1024x576.jpg 1024w, https:\/\/pibcuritiba.online\/wp-content\/uploads\/2025\/03\/Diversos-1920x1080-1-1536x864.jpg 1536w, https:\/\/pibcuritiba.online\/wp-content\/uploads\/2025\/03\/Diversos-1920x1080-1.jpg 1920w\" sizes=\"(max-width: 768px) 100vw, 768px\" \/>\t\t\t\t\t\t\t\t\t\t\t\t\t<\/div>\n\t\t\t\t<\/div>\n\t\t\t\t<\/div>\n\t\t<div class=\"elementor-element elementor-element-9a327e7 e-con-full e-flex e-con e-child\" data-id=\"9a327e7\" data-element_type=\"container\">\n\t\t<div class=\"elementor-element elementor-element-2a80104 e-con-full e-flex e-con e-child\" data-id=\"2a80104\" data-element_type=\"container\">\n\t\t\t\t<div class=\"elementor-element elementor-element-80e7253 elementor-widget elementor-widget-heading\" data-id=\"80e7253\" data-element_type=\"widget\" data-widget_type=\"heading.default\">\n\t\t\t\t<div class=\"elementor-widget-container\">\n\t\t\t<h2 class=\"elementor-heading-title elementor-size-default\">No dia e hor\u00e1rio abaixo o link estar\u00e1 dispon\u00edvel. <\/h2>\t\t<\/div>\n\t\t\t\t<\/div>\n\t\t\t\t<div class=\"elementor-element elementor-element-a786684 elementor-align-center elementor-widget elementor-widget-button\" data-id=\"a786684\" data-element_type=\"widget\" data-widget_type=\"button.default\">\n\t\t\t\t<div class=\"elementor-widget-container\">\n\t\t\t\t\t<div class=\"elementor-button-wrapper\">\n\t\t\t<a class=\"elementor-button elementor-button-link elementor-size-sm elementor-animation-shrink\" href=\"https:\/\/meet.google.com\/zxq-tnbp-rhh\">\n\t\t\t\t\t\t<span class=\"elementor-button-content-wrapper\">\n\t\t\t\t\t\t\t\t\t<span class=\"elementor-button-text\">Ter\u00e7a-feira \u00e0s 14h - Google meet<\/span>\n\t\t\t\t\t<\/span>\n\t\t\t\t\t<\/a>\n\t\t<\/div>\n\t\t\t\t<\/div>\n\t\t\t\t<\/div>\n\t\t\t\t<div class=\"elementor-element elementor-element-d8b1862 elementor-align-center elementor-widget elementor-widget-button\" data-id=\"d8b1862\" data-element_type=\"widget\" data-widget_type=\"button.default\">\n\t\t\t\t<div class=\"elementor-widget-container\">\n\t\t\t\t\t<div class=\"elementor-button-wrapper\">\n\t\t\t<a class=\"elementor-button elementor-button-link elementor-size-sm elementor-animation-shrink\" href=\"https:\/\/meet.google.com\/wdv-yojj-hfa\">\n\t\t\t\t\t\t<span class=\"elementor-button-content-wrapper\">\n\t\t\t\t\t\t\t\t\t<span class=\"elementor-button-text\">Quinta-feira \u00e0s 20h - Google meet<\/span>\n\t\t\t\t\t<\/span>\n\t\t\t\t\t<\/a>\n\t\t<\/div>\n\t\t\t\t<\/div>\n\t\t\t\t<\/div>\n\t\t\t\t<div class=\"elementor-element elementor-element-2d3da7f elementor-align-center elementor-widget elementor-widget-button\" data-id=\"2d3da7f\" data-element_type=\"widget\" data-widget_type=\"button.default\">\n\t\t\t\t<div class=\"elementor-widget-container\">\n\t\t\t\t\t<div class=\"elementor-button-wrapper\">\n\t\t\t<a class=\"elementor-button elementor-button-link elementor-size-sm elementor-animation-shrink\" href=\"http:\/\/meet.google.com\/pth-npww-fhk\">\n\t\t\t\t\t\t<span class=\"elementor-button-content-wrapper\">\n\t\t\t\t\t\t\t\t\t<span class=\"elementor-button-text\">Sexta-feira \u00e0s 20h30min -  Google meet                                     C\u00e9lula de Mulheres<\/span>\n\t\t\t\t\t<\/span>\n\t\t\t\t\t<\/a>\n\t\t<\/div>\n\t\t\t\t<\/div>\n\t\t\t\t<\/div>\n\t\t\t\t<\/div>\n\t\t<div class=\"elementor-element elementor-element-3f0ac11 e-con-full e-flex e-con e-child\" data-id=\"3f0ac11\" data-element_type=\"container\">\n\t\t\t\t<div class=\"elementor-element elementor-element-4fbb74c elementor-widget elementor-widget-heading\" data-id=\"4fbb74c\" data-element_type=\"widget\" data-widget_type=\"heading.default\">\n\t\t\t\t<div class=\"elementor-widget-container\">\n\t\t\t<h2 class=\"elementor-heading-title elementor-size-default\">Logo teremos mais op\u00e7\u00f5es de hor\u00e1rio.<\/h2>\t\t<\/div>\n\t\t\t\t<\/div>\n\t\t\t\t<\/div>\n\t\t\t\t<\/div>\n\t\t\t\t\t<\/div>\n\t\t\t\t<\/div>\n\t\t<div class=\"elementor-element elementor-element-8a8c5d0 e-flex e-con-boxed e-con e-parent\" data-id=\"8a8c5d0\" data-element_type=\"container\">\n\t\t\t\t\t<div class=\"e-con-inner\">\n\t\t\t\t<div class=\"elementor-element elementor-element-7bf94e6 elementor-widget elementor-widget-spacer\" data-id=\"7bf94e6\" data-element_type=\"widget\" data-widget_type=\"spacer.default\">\n\t\t\t\t<div class=\"elementor-widget-container\">\n\t\t\t\t\t<div class=\"elementor-spacer\">\n\t\t\t<div class=\"elementor-spacer-inner\"><\/div>\n\t\t<\/div>\n\t\t\t\t<\/div>\n\t\t\t\t<\/div>\n\t\t\t\t\t<\/div>\n\t\t\t\t<\/div>\n\t\t<div class=\"elementor-element elementor-element-877a9cb e-flex e-con-boxed e-con e-parent\" data-id=\"877a9cb\" data-element_type=\"container\" data-settings=\"{&quot;background_background&quot;:&quot;slideshow&quot;,&quot;background_slideshow_gallery&quot;:[{&quot;id&quot;:100,&quot;url&quot;:&quot;http:\\\/\\\/pibcuritiba.online\\\/wp-content\\\/uploads\\\/2025\\\/03\\\/BannerFundo-1.png&quot;}],&quot;background_slideshow_loop&quot;:&quot;yes&quot;,&quot;background_slideshow_slide_duration&quot;:5000,&quot;background_slideshow_slide_transition&quot;:&quot;fade&quot;,&quot;background_slideshow_transition_duration&quot;:500}\">\n\t\t\t\t\t<div class=\"e-con-inner\">\n\t\t\t\t<div class=\"elementor-element elementor-element-c659720 elementor-widget elementor-widget-image\" data-id=\"c659720\" data-element_type=\"widget\" data-widget_type=\"image.default\">\n\t\t\t\t<div class=\"elementor-widget-container\">\n\t\t\t\t\t\t\t\t\t\t\t\t\t\t<a href=\"https:\/\/integracao.pibcuritiba.org.br\/jesus\/pib\">\n\t\t\t\t\t\t\t<img decoding=\"async\" width=\"800\" height=\"302\" src=\"https:\/\/pibcuritiba.online\/wp-content\/uploads\/2025\/03\/Conheca-a-PIB-Online-1024x386.png\" class=\"attachment-large size-large wp-image-118\" alt=\"\" srcset=\"https:\/\/pibcuritiba.online\/wp-content\/uploads\/2025\/03\/Conheca-a-PIB-Online-1024x386.png 1024w, https:\/\/pibcuritiba.online\/wp-content\/uploads\/2025\/03\/Conheca-a-PIB-Online-300x113.png 300w, https:\/\/pibcuritiba.online\/wp-content\/uploads\/2025\/03\/Conheca-a-PIB-Online-768x290.png 768w, https:\/\/pibcuritiba.online\/wp-content\/uploads\/2025\/03\/Conheca-a-PIB-Online-1536x579.png 1536w, https:\/\/pibcuritiba.online\/wp-content\/uploads\/2025\/03\/Conheca-a-PIB-Online.png 2028w\" sizes=\"(max-width: 800px) 100vw, 800px\" \/>\t\t\t\t\t\t\t\t<\/a>\n\t\t\t\t\t\t\t\t\t\t\t\t\t<\/div>\n\t\t\t\t<\/div>\n\t\t\t\t\t<\/div>\n\t\t\t\t<\/div>\n\t\t\t\t<\/div>\n\t\t","protected":false},"excerpt":{"rendered":"<p>No dia e hor\u00e1rio abaixo o link estar\u00e1 dispon\u00edvel. Ter\u00e7a-feira \u00e0s 14h &#8211; Google meet Quinta-feira \u00e0s 20h &#8211; Google meet Sexta-feira \u00e0s 20h30min &#8211; Google meet C\u00e9lula de Mulheres Logo teremos mais op\u00e7\u00f5es de hor\u00e1rio.<\/p>\n","protected":false},"author":1,"featured_media":0,"parent":0,"menu_order":0,"comment_status":"closed","ping_status":"closed","template":"","meta":{"footnotes":""},"class_list":["post-231","page","type-page","status-publish","hentry"],"_links":{"self":[{"href":"https:\/\/pibcuritiba.online\/index.php\/wp-json\/wp\/v2\/pages\/231","targetHints":{"allow":["GET"]}}],"collection":[{"href":"https:\/\/pibcuritiba.online\/index.php\/wp-json\/wp\/v2\/pages"}],"about":[{"href":"https:\/\/pibcuritiba.online\/index.php\/wp-json\/wp\/v2\/types\/page"}],"author":[{"embeddable":true,"href":"https:\/\/pibcuritiba.online\/index.php\/wp-json\/wp\/v2\/users\/1"}],"replies":[{"embeddable":true,"href":"https:\/\/pibcuritiba.online\/index.php\/wp-json\/wp\/v2\/comments?post=231"}],"version-history":[{"count":41,"href":"https:\/\/pibcuritiba.online\/index.php\/wp-json\/wp\/v2\/pages\/231\/revisions"}],"predecessor-version":[{"id":782,"href":"https:\/\/pibcuritiba.online\/index.php\/wp-json\/wp\/v2\/pages\/231\/revisions\/782"}],"wp:attachment":[{"href":"https:\/\/pibcuritiba.online\/index.php\/wp-json\/wp\/v2\/media?parent=231"}],"curies":[{"name":"wp","href":"https:\/\/api.w.org\/{rel}","templated":true}]}}